10
1093837
What is 2653055 (base 8) in base 16?
b562d
Convert -203e8 (base 16) to base 10.
-132072
Convert 215546 (base 10) to base 12.
a48a2
What is -1356150 (base 8) in base 5?
-44242404
What is -1033224 (base 12) in base 10?
-3053692
-28054 (base 12) to base 7
-320254
Convert 12349065 (base 10) to base 7.
206652051
57bcb (base 13) to base 7
1235041
-1bcfc6 (base 16) to base 6
-103022130
Convert -2012221330 (base 4) to base 15.
-ad64d
-4b55 (base 16) to base 7
-110140
What is -1549090 (base 11) in base 7?
-31334352
Convert 3d631 (base 16) to base 7.
2065031
What is 102101022022 (base 3) in base 13?
7ac7b
-21211000211 (base 3) to base 15
-308b1
-1002112211200 (base 3) to base 14
-111d69
Convert a9272 (base 14) to base 7.
3323302
What is 101000110100001110 (base 2) in base 11?
104674
What is -584081 (base 10) in base 2?
-10001110100110010001
-288313 (base 11) to base 13
-129c30
What is -112454e (base 15) in base 7?
-206154533
What is 64d09 (base 16) in base 14?
aa6b7
a12c51 (base 14) to base 8
24542667
Convert -7a3c4 (base 13) to base 2.
-110110010101100100
-20221022221 (base 3) to base 7
-1106101
Convert -323678 (base 10) to base 4.
-1033001132
Convert -1379788 (base 13) to base 2.
-10111100000010100010011
Convert -5dc47 (base 14) to base 10.
-230167
What is -20002301323 (base 4) in base 9?
-3863331
What is -1232a4 (base 13) in base 2?
-1101010010100010110
30140133 (base 6) to base 8
3201531
What is 7114012 (base 8) in base 12?
76454a
Convert -4363745 (base 9) to base 10.
-2345072
What is -123e08 (base 16) in base 7?
-13106335
-7735455 (base 10) to base 16
-76089f
-7505484 (base 9) to base 12
-141a041
Convert -32320233131 (base 4) to base 13.
-a6833b
-183272 (base 11) to base 14
-74d41
What is -d6d5 (base 14) in base 7?
-212655
-34304003 (base 5) to base 4
-1022321001
Convert 10bc57 (base 15) to base 4.
3003020302
-b15b19 (base 12) to base 11
-1620815
What is -3527420 (base 9) in base 6?
-104521543
176271 (base 8) to base 13
235a9
Convert 10101000111011100110 (base 2) to base 15.
da047
What is -110111110111011000 (base 2) in base 12?
-b0508
What is -1000101000100110011 (base 2) in base 8?
-1050463
What is 80651 (base 14) in base 2?
1001011010101011111
143333340 (base 5) to base 2
10111001111101111000
What is 1811202 (base 10) in base 2?
110111010001100000010
What is -57f0fe (base 16) in base 11?
-3287088
Convert -760035 (base 9) to base 3.
-212000001012
What is -453041 (base 7) in base 4?
-103212203
What is 69091 (base 11) in base 10?
99925
Convert -4283 (base 15) to base 13.
-6537
Convert 34565 (base 10) to base 9.
52365
What is -322003121 (base 4) in base 5?
-30102120
Convert -1c5590 (base 13) to base 2.
-10110001001111010100
-1787cb (base 14) to base 16
-cab1f
1110111111010110101000 (base 2) to base 10
3929512
122a4a (base 12) to base 11
191917
Convert 631b9 (base 12) to base 14.
35497
Convert -b09549 (base 13) to base 16.
-3ea2c6
What is -1220001100 (base 3) in base 10?
-37215
What is 123002253 (base 6) in base 16?
2450d9
-284aee (base 16) to base 4
-22010223232
What is 97967a (base 11) in base 15?
20d95d
1001110010101011001111 (base 2) to base 11
14a3582
What is -10010220001012 (base 3) in base 8?
-6277364
-3484a90 (base 11) to base 3
-102110000211021
Convert -333 (base 7) to base 16.
-ab
-560cc (base 13) to base 12
-7644b
What is 10100210210 (base 3) in base 7?
363666
-4974ba (base 12) to base 9
-2220817
Convert 530334 (base 7) to base 10.
91410
What is 7cd9fb (base 16) in base 3?
120101200221221
Convert 1972977 (base 10) to base 13.
541056
121211222210 (base 3) to base 11
207226
What is -10121101032 (base 4) in base 2?
-100011001010001001110
32302040 (base 7) to base 11
1613470
What is 63401 (base 8) in base 13?
c005
What is 1a75148 (base 11) in base 13?
953212
What is -13413 (base 13) in base 15?
-a949
What is b0212 (base 15) in base 4?
2020010132
-577671 (base 9) to base 13
-c1b2b
-28342 (base 16) to base 9
-270801
What is -50415 (base 9) in base 16?
-8177
45320 (base 10) to base 15
d665
Convert 266646 (base 13) to base 4.
3202213032
Convert 5122561 (base 7) to base 9.
1130807
Convert -10110001110001001110 (base 2) to base 6.
-23335010
What is 1e92d (base 16) in base 2?
11110100100101101
-ce915e (base 15) to base 12
-337142b
What is 17737531 (base 9) in base 12?
2bb266a
-908cc (base 13) to base 5
-31233234
-19570 (base 12) to base 6
-443420
What is 6eb22 (base 15) in base 8?
1262343
Convert -407547 (base 8) to base 14.
-372bd
Convert 8b2100 (base 13) to base 14.
618902
212212233322 (base 4) to base 2
100110100110101111111010
53ec7 (base 16) to base 11
2152a1
What is 9545bc (base 16) in base 3?
200102000100211
What is -102120232 (base 4) in base 5?
-4402220
What is -142735 (base 9) in base 11?
-5a69a
Convert -25c22 (base 15) to base 13.
-43019
What is 246884 (base 9) in base 3?
21120222211
290d7 (base 15) to base 10
131827
What is 217406 (base 8) in base 2?
10001111100000110
-141284 (base 10) to base 8
-423744
What is -4384a (base 11) in base 12?
-30963
-94bc0b (base 14) to base 10
-5026627
What is 1ffadb (base 16) in base 10?
2095835
What is -21102002210121 (base 3) in base 14?
-747517
What is -b53502 (base 12) in base 7?
-33124346
What is -1a02d (base 16) in base 8?
-320055
What is -12102122211022 (base 3) in base 8?
-13006071
Convert -121110201022 (base 3) to base 11.
-201635
Convert 201120011202 (base 3) to base 11.
243317
-6670320 (base 10) to base 13
-14c7147
What is -274129 (base 10) in base 6?
-5513041
What is -503446 (base 7) in base 10?
-85294
What is -8527701 (base 9) in base 2?
-10001011010101000111110
What is -1576818 (base 9) in base 16?
-d6454
Convert 14d055 (base 14) to base 15.
e5725
-47305570 (base 8) to base 9
-21376032
Convert -1713b2 (base 13) to base 12.
-238271
1602 (base 9) to base 2
10011000001
-6522274 (base 9) to base 5
-1343424300
Convert 1886b (base 14) to base 3.
10011002110
What is 244008 (base 9) in base 13?
52052
What is 10012011221 (base 3) in base 5?
4002302
-544051 (base 6) to base 2
-1010111110011111
Convert -9e31a (base 15) to base 12.
-203507
Convert 4d13b9 (base 15) to base 5.
1421343344
-2122677 (base 8) to base 4
-2022112333
12001021110220 (base 3) to base 14
4db759
-2b43c (base 15) to base 6
-2553020
What is -1000111101000000110 (base 2) in base 13?
-a36cb
Convert -9c76cd (base 15) to base 6.
-424013351
196082 (base 11) to base 5
34112041
3117043 (base 12) to base 2
100011001111110001110011
Convert 1027635 (base 9) to base 2.
10000110010100101000
304441203 (base 5) to base 12
503155
-45819 (base 16) to base 5
-33102242
What is 1543476 (base 8) in base 16?
6c73e
-15121022 (base 6) to base 7
-4311104
What is 102595 (base 15) in base 14?
15d938
Convert -10022312232 (base 4) to base 16.
-10adae
What is 322078 (base 11) in base 8?
1756156
Convert -12202010000 (base 3) to base 16.
-1b9b4
72566 (base 8) to base 4
13111312
-10100055 (base 6) to base 9
-477638
Convert 40144301 (base 5) to base 12.
134525
-a44c2c (base 13) to base 8
-16510114
Convert -1c53b (base 14) to base 12.
-35a75
Convert -43510155 (base 6) to base 4.
-10331113313
e2bfc (base 16) to base 6
31523500
11841545 (base 10) to base 5
11012412140
Convert 1a45a0 (base 13) to base 6.
22142230
What is -6258633 (base 9) in base 2?
-1100110000110111101001
-1110100101011100011 (base 2) to base 10
-477923
Convert -376354 (base 8) to base 2.
-11111110011101100
What is -20107 (base 13) in base 11?
-3a05a
What is 1013203330 (base 4) in base 3?
112220002011
-1000001101110110110 (base 2) to base 5
-32103423
What is -a5a7ca (base 13) in base 8?
-16630216
What is 1721645 (base 8) in base 2?
1111010001110100101
What is 1011111101111110100 (base 2) in base 11?
248718
1b8519 (base 16) to base 3
10101121222222
-105361 (base 9) to base 5
-4003432
-119ac9a (base 13) to base 8
-24715554
-321153334 (base 6) to base 12
-1a8b84a
What is 2bcee (base 15) in base 13?
4c412
Convert -2039785 (base 10) to base 9.
-3748047
Convert 11250454 (base 6) to base 5.
42130202
Convert 22083b (base 12) to base 3.
1000110012102
What is 30cb1 (base 16) in base 13?
6cc78
What is -110011100100111101 (base 2) in base 12?
-a2311
377445 (base 11) to base 15
bb695
What is -1210012212012 (base 3) in base 10?
-949055
28884a (base 12) to base 16
a5aba
Convert -4671529 (base 10) to bas